= -46. What is the units digit of c?
3
Let x be ((-15)/(-10))/(-3)*(2 - 2). Let z = -13 + 19. Suppose x = -z*b + 423 + 39. What is the tens digit of b?
7
Let q be 2/(3/((-18)/4)). Let t(y) be the third derivative of y**4/24 + 5*y**3/6 - 101*y**2 + y. What is the units digit of t(q)?
2
Let k(p) = -4*p**3 + 2*p**2 - 64*p - 468. What is the units digit of k(-27)?
0
Suppose 0 = -3*m - 2*b + 6864, -22*m - 4*b + 4560 = -20*m. What is the tens digit of m?
9
Suppose -3*y + 22*y - 132088 = 158004. What is the thousands digit of y?
5
Let c(f) = 199*f + 1. Let v be c(1). Suppose 5*w - 223 = -2*n - 59, -v = -3*n + 4*w. What is the units digit of (-2*(-1)/(-4))/((-3)/n)?
2
Let l be -38 + 18 - 18/2. Let k(z) = -61*z + 8. What is the units digit of k(l)?
7
Let y be ((-6)/4)/(3 - (-643)/(-214)). Suppose 2*w - y = -3*o - 34, 4*o + 5*w - 385 = 0. Let j = o - 35. What is the tens digit of j?
6
Let r(g) = g + 7. Let k be r(6). Suppose -k*h - 96 = 3*h. What is the units digit of (67*3/h)/((-3)/6)?
7
Let q(f) be the second derivative of 25*f**4/6 - 11*f**3/3 - 11*f**2 + 10*f + 9. What is the tens digit of q(6)?
4
Let d(l) = 6*l + 4. Let a(b) = -b**2. Let k(v) = -5*a(v) + d(v). Let u be k(-5). What is the units digit of 2*(u/6 + 4)?
1
Let n = -246 - -245. What is the units digit of 3 - (2 - (-28)/n)?
9
What is the units digit of (-1)/6 + -3 + (-7327409)/(-138)?
4
Let b(k) = -7*k**3 + 14*k**2 - 54*k - 9. What is the hundreds digit of b(-8)?
9
Let i(a) = a**2 + 10*a - 1. Let q be i(-12). Suppose 5*x = 2*v + 1831, 3*x - 19*v - 1109 = -q*v. What is the hundreds digit of x?
3
Suppose 2*n = 4*v - 10996, -24*n + 19*n + 10954 = 4*v. What is the units digit of v?
6
What is the units digit of 1217*1*(69 + -60)?
3
Let g(k) be the first derivative of 6*k**2 + 39*k + 15. Let x be g(9). What is the units digit of (126/x)/(1/105)?
0
Suppose 4*s - 26100 = 3*v, -15*s - v = -10*s - 32606. What is the thousands digit of s?
6
Let y(x) = 65*x + 40. Let l = 76 + -71. Let t be y(l). Suppose -13*w + t = -8*w. What is the tens digit of w?
7
Let z be 6/21 - 11*9/(-21). Suppose -2*v - 4*k = -0*k - 394, 0 = z*v + k - 967. Let x = v - 114. What is the tens digit of x?
7
Let k be 1/(165/82 + -2). Suppose -k + 122 = 5*u. Suppose 0 = u*i - 235 - 1213. What is the hundreds digit of i?
1
Let t be (108/63)/((-3)/(-21)). Let s(w) = 2*w**3 - 22*w**2 + 10*w + 26. What is the hundreds digit of s(t)?
4
Suppose 3*s + 0*s = -4*j + 99, -3*s + 5*j = -72. Suppose 3*k + s = 2*k. Let g = 87 + k. What is the tens digit of g?
5
Let g(o) = -2*o + 4. Let n be g(2). Suppose t = -4*b + b + 17, -5*b - 20 = n. What is the tens digit of (t - 0)/(-5*(-3)/45)?
8
What is the tens digit of (327/15 - 1)*(-17015)/(-166)?
3
Suppose 0 = 7*k - 15*k + 72. Let u be k/(-2 + 0 + 3). Suppose -280 = -14*i + u*i. What is the units digit of i?
6
Suppose -39 = 4*y + 3*h, -4*y + 8*h = 7*h + 19. Let g(d) = -113*d + 11. What is the tens digit of g(y)?
8
Let k = 1628 - 863. Suppose 5*f + 5*n = 3*f + 22, -3*n + 30 = 4*f. Suppose -k = -f*y + y. What is the units digit of y?
3
What is the hundreds digit of ((-3533392)/60 + (-36)/270)/(-1)?
8
Let v be 5 - 1 - -1*60/3. Suppose 8 = 2*s, -2*z - v*s = -20*s - 2534. What is the tens digit of z?
5
Let q(b) = 1902*b + 4455. What is the thousands digit of q(14)?
1
Let x be (-5 - 80/(-15))*-822. Let c = -145 - x. Suppose -2*l = 63 - c. What is the tens digit of l?
3
Let w be 3 - ((-10)/2 - -3). Let x be 590 + ((-3)/5)/(1/w). Suppose x + 538 = 5*z. What is the units digit of z?
5
Let g be (3 - 25/15)*3/2. Let k be -92 + g/((-2)/3). What is the tens digit of (-2)/1*(-6)/(-12)*k?
9
What is the units digit of -13*(-19)/((-114)/144)*(-48)/9?
4
Let r(t) = t**3 + 3*t**2 - 8*t - 18. Let k be r(-4). Let n(h) = 38*h**2 - 8*h - 4. What is the hundreds digit of n(k)?
1
Let b(l) = l**2 - 7*l + 1. Suppose 4*n - 28 = -4*s, 2*s - 6*s - 4 = -4*n. Suppose -5*y + 8 + 24 = 2*j, y = s*j - 31. What is the tens digit of b(j)?
4
Suppose v - 193 = -305. Let b = 160 + v. What is the units digit of b?
8
Let f(r) = 12*r - 60. Let i be f(5). Suppose -3*g = -h - 2612, -1756 = -2*g - 3*h - i*h. What is the units digit of g?
2
Let d be (-116)/(-14) - 8 - 717754/7. What is the thousands digit of ((-3)/(-24))/((-7)/d)?
1
Let k(o) = -2*o**3 + 13*o**2 - 4*o + 7. Let t be k(7). Let a = t + 73. Let i = 160 - a. What is the tens digit of i?
5
Let x be (8/4 - 2) + 3. Let j be 40/60 + 475/x. Let s = 312 - j. What is the units digit of s?
3
What is the units digit of (-4123344)/(-84) - (-290)/(-203)?
6
Let q(p) = -36*p**3 + 9*p**2 - 57*p - 336. What is the hundreds digit of q(-4)?
3
Suppose 0 = 4*d + 3*x + 125, -2*x + x = -1. Let k be (-310)/(-7) + d/112. Let i = k + -27. What is the units digit of i?
7
Let z(i) = 6*i**3 - 14*i**2 + 22*i - 24. What is the tens digit of z(11)?
1
Let c be (-169)/39 - 1/(-3). Let v be 3 - (5 + c) - (291 - -1). Let l = 420 + v. What is the tens digit of l?
3
Suppose 906 = 3*p - u, -5*u = 17 - 2. Let c = p + -289. What is the units digit of c?
2
Let l(k) = -10*k + 58. Let b be l(5). Suppose 0 = -b*u + 1822 - 446. What is the units digit of u?
2
Suppose -18 = -n - 8*n. Let o = n - 5. What is the tens digit of (-24)/(-4 + o/(-1))?
2
Let z = 41 + -37. Suppose -z*g + 7*g - 9 = 0. What is the units digit of (-2)/g*(-5)/((-10)/(-63))?
1
Let s = 397 + -385. Suppose 3*z - 3214 = -4*u, s*u - 8*u - 2148 = -2*z. What is the units digit of z?
6
Let c(u) = 7*u**2 + 4*u + 1. Let n be c(-2). Let q = n + -18. Suppose 146 = 4*a + 2*t, 8*t = -2*a + q*t + 85. What is the units digit of a?
5
Suppose j = 7*j - 1764. Suppose 1190 + j = 2*y. What is the units digit of y?
2
Suppose 36*t - 18225 = 105087 - 6564. What is the units digit of t?
3
Suppose 0 = -5*k - 32*f + 29*f + 60516, k - 2*f - 12085 = 0. What is the units digit of k?
9
Let v(i) = -i**2 + 10*i + 15. Let g(c) = 5*c - 9. Let q be g(4). Let k be v(q). Let h(y) = y**3 - 2*y**2 + 2*y - 11. What is the units digit of h(k)?
9
Let s(i) be the first derivative of i**4/2 - 4*i**3/3 - i**2 - 30*i + 338. Let z = -3 + 9. What is the units digit of s(z)?
6
Let w = 57954 + -39081. What is the tens digit of w?
7
Suppose t - 2*u = 532, 2137 = 4*t - 21*u + 22*u. What is the hundreds digit of t?
5
Let n(t) = -t**2 - 5*t + 24. Let u be n(-8). Suppose 0*l - 314 = 3*l + 4*k, u = -5*l - 5*k - 520. Let a = 91 - l. What is the tens digit of a?
9
What is the tens digit of ((-1)/(-4))/(32/601856)?
0
Let i(y) = 2*y - 15. Suppose -d = -0*d + u - 15, -18 = -d - 2*u. Let c be i(d). Suppose c*r = r + 744. What is the units digit of r?
3
Suppose 33611 = 3*y + 4*r, -5*y = 4*r - 13270 - 42743. What is the thousands digit of y?
1
Suppose t = -5*z - 0*t + 1242, 2*z - t - 501 = 0. Let h = z - -120. What is the tens digit of h?
6
Let r(o) = -3073*o**3 + 3*o**2 + 2*o - 1. Let y be r(-1). Suppose -13*a = -y - 4883. What is the tens digit of a?
1
Let g(l) = 3101*l**2 + 7*l - 11. What is the ten thousands digit of g(2)?
1
Let p be 13/(819/(-27)) - (-31)/7. Suppose -736 = -2*c + p*k + k, -c + 366 = -2*k. What is the units digit of c?
8
Suppose 0 = -5*b + 3*u + 12 + 4, u = 2*b - 6. Let g(n) = 4*n**b + 4*n + 14 - n**3 + 9*n**2 - 9*n**2. What is the units digit of g(5)?
9
Let a = 2005 + -966. Suppose 10*w - 2171 - a = 0. Let v = w + -29. What is the units digit of v?
2
Suppose -445*t + 1560468 = -263*t. What is the units digit of t?
4
Let k(f) = f**3 - 12*f**2 - 41*f + 46. Let t = -210 - -226. What is the hundreds digit of k(t)?
4
Let t(j) = 11438*j + 2792. What is the thousands digit of t(3)?
7
Let n be ((-152)/14)/(-4) + 4/14. Suppose -n*c - 4*w = -573, 0 = 5*c - 5*w - 462 - 458. What is the hundreds digit of c?
1
Suppose 2*t = 4*l - 14687 - 3297, 2*t = -l + 4491. Suppose -5*o + l = -5*j, 8*o = 6*o + 4*j + 1792. What is the units digit of o?
2
Let c = 2949 + 6431. What is the units digit of c?
0
Let j(x) = 6*x**3 + 3*x**2 - 7*x + 3. Let p be j(2). What is the hundreds digit of (-2 + -15)*9/((-9)/p)?
8
Suppose 93*s - 49627 = 704138. What is the tens digit of s?
0
What is the thousands digit of (-15089850)/(-210) - (-40)/70?
1
Let i(k) = 863*k**2 - 2*k + 8. Let w be i(2). Suppose -w = -8*d - 432. What is the units digit of d?
8
Let j(h) = -3*h**2 + h. Let o(v) = 20*v**2 - 182*v - 5. Let k(f) = 5*j(f) + o(f). What is th